n be v(-10). Let i be s(n). Suppose 0 = 5*w - 180 + i. List the prime factors of w.
5, 7
Suppose 2*r + t - 11 = 0, 0*t - 50 = -5*r + 2*t. Suppose -1305 = r*a - 23*a. List the prime factors of a.
3, 29
Suppose -416 = 4*j + z, -3*j - 5*z + 4*z - 312 = 0. Let i = j - -169. What are the prime factors of i?
5, 13
Let n(b) = 955*b + 70. Let y be n(-7). What are the prime factors of (y/(-10))/(-9)*-2?
3, 7
Let x be (-6)/(-4)*((-980)/(-12) - 5). Let u = -77 + x. What are the prime factors of u?
2, 19
List the prime factors of -1 + 30/12 + (-17034)/(-12).
7, 29
Let q = -218 - -358. What are the prime factors of q?
2, 5, 7
Let c(s) = -3*s**2 - s + 1. Let o(m) = -m**2 + m. Let f(q) = -c(q) + 2*o(q). Let z be f(-5). What are the prime factors of ((-69)/z)/((-4)/12)?
23
Suppose 0 = -2*a + 4*z + 76, a + a + z = 61. Let x be 132/10 + a/40. Let i = x + 7. List the prime factors of i.
3, 7
List the prime factors of (-411 - 2)*(-1)/((-1)/(-3)).
3, 7, 59
Suppose 3*h + l - 10 = 6*l, -5*h - 10 = 5*l. Suppose 0 = 5*x - 10, -7 = v - x - 4*x. Suppose -v*o + 67 + 11 = h. List the prime factors of o.
2, 13
Suppose -2*n = 2*z - 330, 3*n = -0*n + z + 495. Suppose -7 + 3 = -4*b, -n = -2*v - b. List the prime factors of v.
2, 41
Let z(r) = -2*r**3 + 30*r**2 + 23*r - 44. What are the prime factors of z(14)?
2, 5, 67
Let f = -560 - -254. Let w = f - -440. What are the prime factors of w?
2, 67
Let o = 2039 + -1455. List the prime factors of o.
2, 73
Let t(d) = -72*d + 59. List the prime factors of t(-8).
5, 127
Suppose -j - 3 = -5. Let k(t) = t**3 + 5*t**2 + 3*t - 2. Let s be k(-4). Suppose -2*o + 2*q = -26, -q + s*q - j = 0. What are the prime factors of o?
3, 5
Suppose 0 = -f - 4*c + 314, 2*f + 3*f = 2*c + 1482. List the prime factors of f.
2, 149
Let s(m) = 889*m + 7. What are the prime factors of s(2)?
3, 5, 7, 17
Let j(x) = 19*x**2 - 3*x - 15. Let u be j(6). Suppose -3*y + 111 = -u. List the prime factors of y.
2, 127
Suppose 125*a - 44863 = 112*a. What are the prime factors of a?
7, 17, 29
Suppose -4*r - 4*o + 12 = 0, 2*r + 9*o - 3 = 4*o. Let q(n) = 2*n**3 - 3*n**2 - n - 4. What are the prime factors of q(r)?
2, 3
Suppose 3*p + 3 = -4*f + f, 0 = -5*p + 5*f + 5. Suppose 298 = 5*m + w, -3*w + 4*w - 3 = p. List the prime factors of m.
59
Let x(r) = -r**3 - 9*r**2 - 2*r - 1. Let o be x(-8). Suppose 2*m - 2*q = q - 177, 0 = -m - q - 81. Let l = o - m. List the prime factors of l.
5, 7
Suppose 5*u - 83 = -b, -2*u + 3*b = 6*b - 41. Suppose 4585 = u*q + 1529. What are the prime factors of q?
191
Let o = 12 + -13. Let j be o/(-2)*(-6 + 92). Suppose 5*n = a + 3*a + 89, -3*n + j = -5*a. List the prime factors of n.
3, 7
Let t(f) = -2*f - 7. Let x be t(-6). Suppose -u + 0 + 5 = -l, -3*l = -x*u + 11. What are the prime factors of l + (-16)/(-4) - -5?
2
Let b be 171/2 - (-2 + (-1)/(-2)). Let j = b + 29. List the prime factors of j.
2, 29
Let k(o) = -37*o + 3 + 8*o + 22*o**2 - 10 + 3*o**3 - 4*o**3. What are the prime factors of k(20)?
3, 71
Let g = 91 + 36. Let z = -35 + g. What are the prime factors of z?
2, 23
Let q(g) = g**3 - 5*g**2 + 7*g - 9. Let l be q(6). Let x = l + 0. What are the prime factors of x?
3, 23
Let h(u) = 3*u**2 + u + 2 - u - 2*u**2. Let n be h(4). Let m = -10 + n. What are the prime factors of m?
2
Let z(u) = u**3 + 43*u**2 + 75*u - 15. What are the prime factors of z(-40)?
3, 5, 7, 17
Let x(q) = -6*q - 21. Let l be x(9). Let m = -37 - l. Suppose u - m = -u. List the prime factors of u.
19
Suppose 4*h + 4 + 10 = -n, 4*n - 5*h = 28. List the prime factors of 30 + -4 + (n - 6).
2, 11
Suppose 0 = -2*c + 2*u - 18, 5*u - 22 = 3*c - 5. Let y = 23 + c. Let q = 4 + y. List the prime factors of q.
13
Let j = 4 + -4. Let x = -408 + 645. Suppose j = -h + 4*m - 7*m + 75, 3*h + 5*m - x = 0. What are the prime factors of h?
2, 3, 7
Let z = -24 - 16. Suppose -8*r + 3*r - 5*j + 90 = 0, 5*j = 2*r - 8. What are the prime factors of (z/r)/(2/(-7))?
2, 5
Let a = -671 + 676. Let m(u) = u**3 + 5*u**2 + 2*u - 4. Let q be m(-4). Suppose k - 49 = -2*x, -a*k + 114 = q*x + 25. What are the prime factors of x?
2, 13
Suppose 0 = -5*u - 2*s - 4 + 22, -3*s = -3*u + 15. Let v(m) = m**3 - 6*m**2 - m + 11. Let b be v(6). Suppose -u*j = -b*j + 18. What are the prime factors of j?
2, 3
Suppose 4*o - 1271 - 65 = 0. Suppose 3*p - o = 143. List the prime factors of p.
3, 53
Let p(y) = 2*y**2 - 8*y + 13. Suppose -3*b + 4*b = 8. Let d be p(b). Let w = d + -24. List the prime factors of w.
53
Let w(n) = n**2 + 11*n + 10. Let v be w(-11). Let p be (-8)/v*(-35)/14. What are the prime factors of 45/2 + 3/p?
2, 3
Suppose 7*z - 12*z = 5*n - 8060, 4*n - z - 6458 = 0. What are the prime factors of n?
2, 3, 269
Let v = -1374 - -2015. What are the prime factors of v?
641
Suppose -98 = -4*y - 82. Let n = 5 - -40. List the prime factors of n*(24/10)/y.
3
List the prime factors of (-12*(-24)/160)/((-2)/(-2010)).
3, 67
What are the prime factors of (13268/(-8))/((-9)/18)?
31, 107
Let c(l) = l**3 - 13*l**2 + 5*l - 29. List the prime factors of c(15).
2, 31
What are the prime factors of 1*(1114 + 27 + 1 + -4)?
2, 569
Let g be (-4)/6*(-6)/4. Let c(b) = 14*b**2. Let y be c(g). Suppose -3*r + 4 = -r + 2*s, -r - y = 5*s. List the prime factors of r.
2, 3
Suppose 43 = 7*f + 22. Let o be (1 - 34/6)*-15. Suppose -f*y + o = -y. List the prime factors of y.
5, 7
Let p(s) = s**3 + s**2 - 4*s + 1. Let l be p(3). Let w = 106 - l. List the prime factors of w.
3
Let p(y) be the second derivative of -y**5/40 - 11*y**4/24 + 5*y**3/6 - 4*y. Let j(g) be the second derivative of p(g). List the prime factors of j(-5).
2
List the prime factors of (-1074)/(-10) + (-91)/65.
2, 53
Let o(l) = -l**3 + 8*l**2 + 5*l - 12. Let i be -1 - (3 + -2 + 1). Let z = 5 - i. What are the prime factors of o(z)?
2, 7
Suppose -45*n = -115210 - 40985. List the prime factors of n.
3, 13, 89
Suppose -4532 - 4212 = -4*b. What are the prime factors of b?
2, 1093
Let p = 8 - 7. Suppose 5*n - p = 4. List the prime factors of 9 + n - -1 - 0.
11
Let c = 473 - 317. List the prime factors of c.
2, 3, 13
Let n = 2482 + -1226. List the prime factors of n.
2, 157
Let u = -65 + 69. Suppose y + u*y = 110. What are the prime factors of y?
2, 11
Let v = 114 - 0. Let k = v - -12. Suppose -3*s = 3*s - k. List the prime factors of s.
3, 7
Suppose 5*b = -5*s - 6 + 16, -5*b = -5*s + 40. What are the prime factors of (1 - b)*(-559)/(-13)?
2, 43
Suppose y - 5*s - 68 - 283 = 0, -3*y + 5*s + 1063 = 0. List the prime factors of y.
2, 89
Suppose 0 = i + i. Let a(l) = l**2 - 12*l - 17. Let d be a(17). Suppose i = -2*q - 2*w + 5*w + 46, 0 = 3*q - 5*w - d. What are the prime factors of q?
2, 13
Let q(j) = -43 + 0*j + 41 - j**2 - 9*j. Let s be q(-8). Suppose -8*h + 72 = -s*h. List the prime factors of h.
2, 3
Suppose 0 = 4*c - 4, 0 = 3*j - c - 2014 + 191. What are the prime factors of j?
2, 19
Suppose 43*d - 9184 = 36*d. What are the prime factors of d?
2, 41
Let o(m) = m**3 + 4*m**2 + m - 1. Let r be o(-3). Suppose -h + 1 = -4*l + 3, 0 = 2*h + r*l - 48. List the prime factors of h.
2, 7
Suppose -t = 3*t - f - 1, 0 = 5*t - 5*f - 20. Let k be (t - 0)/(2/4). Let y(j) = -8*j - 4. What are the prime factors of y(k)?
2, 3
Suppose -2960 = -5*z + 5*w, -2*w - w + 2389 = 4*z. Suppose -3*k + 357 = -y, -y = 5*k - 0*k - z. List the prime factors of k.
7, 17
Suppose -641 = -11*t + 8. List the prime factors of t.
59
What are the prime factors of (-10 - -11 - 6) + 69?
2
Let y(l) = l**3 - 2*l - 13. Let g(q) be the third derivative of q**4/24 + 2*q**2. Let d(w) = -3*g(w) - y(w). List the prime factors of d(0).
13
Suppose -2142 - 11288 = -10*a. List the prime factors of a.
17, 79
Let m = -13 + 19. Suppose z = m*z - 375. What are the prime factors of z?
3, 5
Let w = 685 + -223. List the prime factors of w.
2, 3, 7, 11
Suppose 0 = 3*d - 36 - 0. Let o(n) = -n**3 + 11*n**2 + 11*n + 14. Let u be o(d). Suppose 3*w + 6*z - 106 = u*z, 31 = w - 3*z. List the prime factors of w.
2, 17
Let y(b) be the second derivative of b**3/6 + 3*b**2/2 + 5*b. Let f be y(-3). What are the prime factors of -1*(f/(-4) + -36)?
2, 3
Let b be 1 + 2 - (-402)/1 - -2. Let p = b + -238. What are the prime factors of p?
13
Suppose -2*x = -16 + 8. Suppose 42 = x*j - 34. List the prime factors of j.
19
Suppose 0 = 3*l + 4 + 5, -2*d - 3*l = 